) + 25 + (1 - 0) + 6?
19
Evaluate (-38 - 2) + (129 - 109).
-20
(8 - 8) + 8 + -3 + 1 - 18
-12
What is the value of (6 - 11) + -13 + 7?
-11
Evaluate 20 + 13 + -26 + 23.
30
Calculate -25 - (8 - (12 - (0 - -11) - -4)).
-28
Calculate 4 + (19 - (-5 - -27)) + (1 - 0).
2
Evaluate 14 + -11 + 9 - -1.
13
12 + -2 + (-25 - -11)
-4
What is (17 - 55 - -13) + 11?
-14
Calculate 30 + -59 - (7 + -51).
15
Calculate -7 - (-23 + 19 + (-11 - -2)).
6
What is the value of -4 - (-5 - -11) - -12?
2
What is the value of -23 - (18 - 16 - (-12 - -10))?
-27
What is the value of 235 + -229 - ((0 - -3 - 9) + -4)?
16
Calculate -2 - -8 - (-13 + 0 + 7).
12
39 - 23 - (-11 - -54 - -12)
-39
Evaluate (-1 - 10) + (-10 - -27).
6
What is (44 - 27) + -11 + 1 + -3 + 0?
4
What is the value of 245 + -216 + -3 + 3 + -14?
15
-2 + -1 + -1 + 1 + 60 + -66
-9
What is (-1 + -1 + 1 - 3) + 22 + -13?
5
Calculate -10 + 14 + (-10 - -15) - -2.
11
Calculate 10 + -10 - (18 + -1 + -5).
-12
Calculate (76 - 27) + -2 + -22.
25
What is -2 + 1 + 24 + (-33 - -12)?
2
Evaluate 2 - (2 + -1 + (-5 - -12 - 9)).
3
What is -42 + 1 + 1511 + -1496?
-26
Evaluate -7 + (-7 - (-46 - -7)).
25
Calculate 3 + 7 - 1 - (-470 - -449).
30
What is the value of -7 - 1 - (-34 + 4 + -1) - 3?
20
-5 + 14 - 11 - -1
-1
What is the value of -4 + -2 + 2 + -5 + -5 + 0?
-14
Evaluate 89 + -103 + (1 - -7 - 0).
-6
Calculate 7 + -4 + -6 + 8 + 9.
14
Evaluate -80 - -79 - (-25 - (-3 - 0)).
21
(-5 - (-8 + -5) - 31) + 9
-14
Calculate -5 + (9 - 4) + 37.
37
What is the value of 99 + -93 + 3 + (-5 - 5)?
-1
Evaluate -9 + (-1 - (-27 - -5)).
12
Evaluate 24 - 7 - (-2 + 0 + 3).
16
What is 0 + 9 + (-28 + -25 - -37)?
-7
Calculate 23 + (18 - (14 - -17)) - (22 - -2).
-14
Calculate (4 - 0) + (-38 - -50) + -4 + 1.
13
Calculate -8 - (-34 - (15 - 29)).
12
What is the value of 24 + -18 + -24 + 20?
2
What is the value of 3 - (3 + 9 + -6 + -9)?
6
What is 14 + (-14 - -14) + -10?
4
What is the value of -22 + (19 + -11 - 1)?
-15
Evaluate -15 + (17 - 23 - -7) + 42.
28
-11 + -5 - (7 - 14)
-9
What is 0 - -9 - (0 + (12 - 11))?
8
-25 - (46 + (-60 - -23))
-34
What is (-47 - -39) + 3 + 0 + (-2 - -4)?
-3
What is the value of 19 + (-31 - -18 - 7)?
-1
27 + (-10 - 3 - (20 - 18))
12
Calculate -39 - (-23 + (33 - 39)).
-10
-1 + -5 + 21 + -20 + 4
-1
What is -3 + 3 + 6 + -14 + 21 + -1?
12
What is (-5 - -18) + (-13 - (4 + -10))?
6
17 - ((43 - 11) + -11 + -14)
10
Calculate (-15 - -6) + 13 + 1.
5
Calculate 3 - (12 - (-3 + 14)).
2
What is 18 - (13 + 2 + (29 - 34))?
8
What is -26 + 16 + -22 + 18?
-14
(-1 - 0) + 112 + -106 - (14 - 0)
-9
5 + (13 - (13 + (-11 - -21)))
-5
What is 91 - 84 - (11 + (0 - (0 - 2)))?
-6
Calculate 2 + 1 + -2 + 2 + (10 - 15).
-2
Evaluate 6 - (-11 - (12 - (-4 - -11))).
22
Calculate (-32 + 25 - (-1 - 6)) + 10.
10
What is the value of 2 + 3 + (36 - (3 - -31))?
7
Calculate 10 - (-4 - (-5 + -5 + 6 - 3)).
7
Evaluate 4 + (1 - (6 - (4 - 4)) - -21).
20
Calculate 240 + -271 + (18 - 2).
-15
What is the value of -25 - 1 - (99 - 114)?
-11
Calculate 21 + (-16 - -6) + -1.
10
What is the value of 38 + -8 + (11 - 1) + -5 - 11?
24
Calculate 7 + -2 + -2 + -2 + 9.
10
25 + 16 + -20 + (2 - 5) - -6
24
Evaluate (-18 - (13 - 11)) + 44.
24
-1 + 5 + (-8 - (20 - 10 - 6))
-8
What is the value of -7 + 13 - 9 - -1 - 10?
-12
What is 19 - (5 - (8 - (0 - 6 - -9)))?
19
-20 - ((-1 + 8 - 10 - 6) + 2)
-13
What is the value of 13 + -20 + -4 - -45 - 9?
25
-36 - ((-9 - (2 - 4)) + (-45 - -47))
-31
What is 25 + (-5 - 0 - (14 - 9))?
15
0 - 0 - (0 + -8 + -11 + 6)
13
(4 - (7 + -6)) + 14
17
Calculate -19 + 6 + -27 + 26.
-14
What is (36 - 22) + -20 - 1?
-7
Calculate (-33 - -33 - 31) + 10 + 0.
-21
What is (-2 - (-26 + 2)) + (-442 - -434)?
14
Evaluate 11 + (-30 - -38) + -20.
-1
1 - 3 - -2 - (-8 + 15)
-7
What is the value of 1 + 11 + 0 + -1 + (-21 - -16)?
6
What is -5 + 27 + 12 - 15?
19
-14 + 1 + 0 + 293 + -303
-23
What is the value of 14 + -14 + 7 + 1?
8
What is the value of (-7 - (-14 - -4 - -16)) + -7?
-20
What is the value of -4 + 3 + 8 + 10 + -10?
7
Evaluate -2 - ((-7 + (17 - 10) - 10) + -4).
12
-10 + 22 + -2 + -10 - 3 - -22
19
Evaluate 6 + (0 - 2) + -20 + (57 - 21).
20
What is 52 + -49 + 23 + -18?
8
What is 33 + (-32 - -34 - 11)?
24
What is the value of (2 - 5) + -1 + (25 - 28)?
-7
What is the value of 16 - ((-21 - -24) + 0)?
13
Calculate 11 - (10 - (-7 - -3) - -6).
-9
What is the value of (0 - -1) + -2 + (-117 - -123)?
5
What is 4 - (2 + (-5 - 4 - (-3 + -1)))?
7
What is (2 - 41 - -4) + 10 - -3 - 3?
-25
What is the value of 1 + -1 + 3 + -22 - (216 - 221)?
-14
Calculate 23 + (-4 + -1 - 14).
4
What is -1 + 5 - (-12 + 22)?
-6
-2 + -1 - (17 - (23 - 26))
-23
What is (13 - 3) + 5 + -2 - 9?
4
Calculate -36 - (-20 + 6) - -9.
-13
Calculate -11 - 4 - (-7 + 8).
-16
What is (9 - (2 + -1 + 4)) + -4 + 18?
18
Evaluate 6 - ((12 - 5) + -6 - 0 - 4).
9
(-4 - (19 - 19)) + 4
0
What is 17 + 0 + -1 + (-16 - -25)?
25
Calculate 30 - (-23 + 64) - 22.
-33
What is (-2 + 0 - (9 + -5)) + 19 + 2?
15
What is -4 + -7 + 11 + -13 + 3 - 10?
-20
Evaluate (10 - (-15 - -8)) + -12.
5
What is the value of 0 + 14 - 18 - (0 + -11)?
7
What is the value of 18 + -20 - (13 + (5 - 15))?
-5
Evaluate -9 - (-18 - -34) - -15.
-10
13 + -14 + 32 - 22
9
26 + (0 - 19) + -23
-16
What is the value of -32 - (-17 - (4 + 16))?
5
Calculate (-5 - (-17 - 2)) + -17.
-3
Evaluate 788 - 798 - (0 - (2 + -4) - -6).
-18
What is the value of (81 - (8 - -33)) + -50?
-10
What is the value of 17 + -40 + 7 + 2?
-14
Calculate (-243 - -267) + -2 + -13.
9
What is the value of (0 - -5 - -6) + 22 + -49?
-16
2 - 9 - (-5 - 11 - -23)
-14
2 - (8 - (-7 + 32) - -7) - -7
19
Calculate (2715 - 2718) + (-1 - (-13 - 1)).
10
Calculate 17 + -36 + (0 - -15).
-4
What is the value of 9 + (4 - 16) + (-1 - -2 - -11)?
9
Evaluate 11 + 57 + -35 - 65.
-32
What is the value of 6 + 10 + 9 + -6 + -35?
-16
(-2 - -6) + 1 + 1 + 6 + 1
13
Calculate 10 - 23 - (6 - 29 - -7).
3
Calculate -8 + -12 + 26 - 20.
-14
What is the value of 11 - 12 - (-3 - (4 + (-6 - -4)))?
4
What is 2 + -23 - (37 - 33) - (28 + -30)?
-23
What is (-116 - -139) + (-15 - -3)?
11
Calculate 15 + (-7 - -4) + -4 - 17.
-9
What is -2 + (-2 - (12 - (2 + 6 - 1)))?
-9
What is -8 - (82 - 72 - (15 - 0))?
-3
-906 + 911 - (-1 - 11)
17
13 + (-14 - (9 + -14 - 24))
28
Evaluate 15 - (-1 + (-18 - -28)).
6
What is -66 + 60 + (5 - 4 - (-17 - 2))?
14
What is the value of 0 + 18 + (4 - (6 + (-1 - -4)))?
13
What is the value of -11 + (4 - -22 - 7)?
8
What is ((0 - 1) + 4 - (-279 + 281)) + 28?
29
Calculate -6 + -33 - (6 - 17).
-28
Calculate 0 + -6 + -2 - (-154 - -115).
31
Calculate -15 - (-6 + -8 + 7).
-8
What is 0 + 23 + (-52 - -42) - 2?
11
What is the value of ((44 - 11) + -17 - 3) + -13?
0
(-33 - -18 - -7) + -6 + 3 + 42
31
-10 + 16 + (0 - (2 - 4)) + -4
4
Calculate (-1 - 17) + 23 - (-2 + 15).
-8
(1 - -7) + 21 + -40
-11
Evaluate 21 - (10 + (-15 - -7)).
19
-8 - (11 + -3 - -2)
-18
Evaluate 6 - (0 - 2) - (22 + (8 - 6)).
-16
What is (-46 - -45) + (-5 + 2 - -2 - -3)?
1
What is 1 + (4 - -3) + (-11 - -4 - -11)?
12
What is the value of -5 + 4 + -7 + -5 + (9 - -1)?
-3
Calculate 3 - (-4 - (-2 + -6) - -4).
-5
Calculate 11 + (-5 + -2 - 6) + 1 + 5.
4
Evaluate (45 - 32) + 0 + -17 + 2.
-2
What is the value of -21 - ((-10 + -1 + 7 - 7) + 9)?
-19
Evaluate 99 + -94 - (2 + -1 + -2 - 20).
26
What is the value of 4 + -35 + 10 - (-4 - (-10 + -2))?
-29
7 - -3 - (5 - 3)
8
Calculate -33 + (-9 + -3 - (120 + -135)).
-30
What is the value of -32 + 21 - (-19 - 3)?
11
Calculate (-3 - 1) + 10 - 15 - (-7 - -1).
-3
Calculate 3 + 1 + -2 + (-89 - -88).
1
Evaluate (17 - 10 - (1 - -16)) + 4.
-6
Evaluate (-17 - -18) + 10 + -11 + 6.
6
-19 - (-1 + (3 - 20))
-1
Evaluate -4 + (-15 + (-4 - -8) - -8 - -20).
13
Calculate 2 + (-4 + 3 + -6 - (19 + -25)).
1
0 - (7 - (16 - 8 - 6))
-5
-7 + (-13 - -4) + 17
1
Evaluate 4 - 24 - -5 - -9.
-6
Evaluate -4 - (18 - (1 - -34)).
13
(-1 - 1) + (121 - 131)
-12
(6 - 3) + (3 - 1 - -6)
11
Calculate -1 + 1 + 6 + -3 + 6.
9
Calculate 1 - 20 - (48 + -98 + 54).
-23
3 - -6 - (-7 + (-14 - -11) + -4)
23
What is 436 - 432 - (-1 - 0)?
5
-13 - (-2 - -2 - 3 - 3)
-7
What is -28 + 19 + -2 + -21?
-32
What is the value of 0 - 8 - (0 + (10 - 27) + 18)?
-9
What is the value of 6 + -3 - (23 + -25) - -12?
17
8 + (-3 - 5 - 5) + 1
-4
(16 - 6 - 5 - -1) + (13 - 20)
-1
Calculate -5 - (11 + ((-6 - -10) + -11 - 0)).
